Suppose 0*q - c*w - 24 = -q, -3*q = -3*w - 72. Calculate the greatest common factor of q and 3.
3
Let r be (-153)/18*-32 - 8. What is the highest common factor of r and 36?
12
Suppose -4*a + r - 2*r + 118 = 0, 5*a - 2*r = 154. Let t be (-4)/26 + 197/13. Calculate the greatest common divisor of t and a.
15
Let q(k) = k**2 - 44*k - 92. Let o be q(55). What is the highest common factor of o and 19?
19
Suppose -4*n + 4*k + 236 = 0, -5*n + 4*k = -10*n + 268. What is the greatest common divisor of 35 and n?
7
Suppose 448 - 1363 = -5*s. Calculate the greatest common factor of s and 244.
61
Let y be (1 + 2)/((-1)/(-44)). Suppose y = 3*t + 5*z, -5*z + 88 = 2*t - 10*z. Let s = t + 33. What is the highest common divisor of 11 and s?
11
Let z(q) = 15*q**3 + 2*q**2 - 1. Let i be z(1). Let t = 2 - -1. Suppose 0 = 5*b - t*b - 80. What is the greatest common factor of i and b?
8
Suppose 20 + 44 = 4*x. Calculate the greatest common divisor of 92 and x.
4
Let d(a) = a**2 + 3*a - 6. Let i(s) = s**2 + 15*s - 12. Let z be i(-16). Let h be d(z). Calculate the highest common divisor of 2 and h.
2
Let s be 50*((-45)/(-10) + -3). Let v be (-3)/((-9)/183) - -2. Let d be 14/v + 536/18. What is the highest common factor of d and s?
15
Let a = -67 + 70. Calculate the highest common divisor of 17 and a.
1
Let p(a) = 2*a**2 + 5*a - 2. Let d = 6 - 12. Let x be p(d). Let y be x/6*(-48)/(-10). What is the greatest common factor of 4 and y?
4
Let o = 7 + -10. Let v(j) = 3*j. Let r be v(o). Let i be (-174)/r + (-2)/6. Calculate the highest common factor of i and 171.
19
Let b be (-2 + 2/6)*-15. Suppose 63 = b*t - 18*t. Calculate the highest common factor of t and 36.
9
Let w(j) be the third derivative of j**5/20 - j**4/4 - 5*j**3/6 + 4*j**2. Let y be w(7). Suppose -4*o = o - y. What is the highest common divisor of 160 and o?
20
Let r(t) = -t**2 - t + 6. Let a be r(5). Let p be 12/a + 127/2. What is the greatest common factor of p and 7?
7
Let l(n) = -29*n - 5. Let p(k) = -k**2 + 2. Let f be p(-2). Let y be l(f). Suppose 3*u - y = 46. Calculate the greatest common factor of u and 22.
11
Suppose 94*k - 3920 = 78*k. Calculate the greatest common factor of 784 and k.
49
Suppose -2*h = 4*h - 168. Suppose -34 = -4*k - 5*p, 0*p + 5*p = -3*k + h. Calculate the greatest common divisor of k and 3.
3
Suppose 0 = -3*l + 5*r + 1410, l = 2*r - 7*r + 450. What is the highest common divisor of 15 and l?
15
Let s(q) = -4*q - 28. Let y be s(-11). What is the greatest common divisor of 184 and y?
8
Let g(y) = 35*y**2 + 11*y - 25. Let b be g(3). Calculate the highest common factor of 17 and b.
17
Suppose 36 = -6*m + 96. Suppose -14 = -2*x - m. Suppose -2*u + 20 = -3*b, -u - 4*b = x*u - 64. Calculate the highest common divisor of u and 80.
16
Suppose 0*x + 4*x + 2*w = 316, -4*x + 4*w = -340. Let i be 1582/9 - (-18)/x. Calculate the greatest common factor of 16 and i.
16
Suppose 0 = -5*m + 18 - 3. Suppose 7 = -2*a - m*s, -6*s = a - s + 14. Suppose 129*c + 7 = 136*c. What is the highest common factor of c and a?
1
Let h be 7 + ((-9)/3 - -10). Suppose -2*c + 8 - 4 = 0. Suppose -5*k - 4*i = -2, 5*i + 4 + 2 = -c*k. What is the greatest common divisor of k and h?
2
Let c(i) = i**3 + 0*i**2 - 5*i - 8*i**2 + 4 - 8*i**2 + 14*i**2. Let s be c(4). What is the highest common factor of s and 16?
16
Suppose 3*o + 2*o - 62 = -l, -5*l + 5*o + 190 = 0. Let q = l + -34. Let s = 56 + -24. What is the greatest common divisor of s and q?
8
Suppose 2*q - 254 = 2*s + 2, -q = 3*s - 144. What is the highest common factor of q and 36?
12
Let l = 1131 - 1089. Calculate the greatest common factor of 6 and l.
6
Let c(y) = y**3 + 10*y**2 - 4*y + 14. Let f be c(-10). Let l be -1*f + 6/(-3). Let j = 100 + l. Calculate the highest common factor of j and 4.
4
Let h = -106 - -73. Let m = 56 + h. What is the greatest common factor of 69 and m?
23
Let j be 68/(-8) - (-3)/(-6). Let v be 2*(3 - j/(-6)). Suppose 3*z + 5 = 3*a - z, 0 = a + 4*z - 7. Calculate the highest common divisor of v and a.
3
Let l be 9/(1 - -2) + 15. Suppose 246 = 2*i - 2*w, -6*i - 5*w = -5*i - 141. What is the greatest common factor of i and l?
18
Let l(v) = v**2 - 6*v - 7. Let f be l(16). What is the greatest common factor of f and 102?
51
Let t(i) = -2*i - 4. Let w be t(-3). Let g(c) = 6*c**2 - 4*c - 14. Let b be g(-2). Calculate the highest common divisor of w and b.
2
Let b(a) = -a**2 + a + 7. Let i be b(3). Let d be -6 + 8 + i*62. Calculate the greatest common factor of 16 and d.
16
Let u = 106 + -70. Suppose 6*i - u = 3*i. Calculate the greatest common divisor of 156 and i.
12
Suppose -5*s + 60 = -4*f - 0, -4*s + 59 = -f. What is the greatest common factor of 40 and s?
8
Let q(p) be the first derivative of -p**3/3 + 15*p**2/2 - 31*p - 26. Let h be q(8). What is the greatest common divisor of h and 10?
5
Suppose 0 = i + 2*t - 7*t - 11, 3*i + 3*t - 33 = 0. Suppose -7*o - 104 = -i*o. Calculate the highest common divisor of 2 and o.
2
Let o be 1/((-28)/161) + 1/(-4). Let y be (19/4)/(o/(-24)). Suppose -7*d + 3*d = -304. Calculate the highest common factor of d and y.
19
Suppose 12 = 3*h, -8*m = -3*m - 3*h - 228. Calculate the highest common factor of 16 and m.
16
Suppose -4854 = -4*o - 2*g, 2*g + 2437 = 2*o + g. Suppose -i - 4*i - 5*n + 1560 = 0, o = 4*i - 4*n. Calculate the greatest common factor of 44 and i.
44
Suppose v - 322 = -5*p, p - 2*v + 17 = 77. What is the highest common factor of p and 144?
16
Let r be (-6)/(-1) + 1*-1. Let n(y) = -y**3 + 15*y**2 - 9*y - 1. Let o be n(13). Suppose -o = i - 5*i. What is the highest common factor of i and r?
5
Suppose -6*q - h = -2*q - 482, -h - 358 = -3*q. What is the highest common divisor of 108 and q?
12
Let c(s) be the first derivative of s**4/4 - 5*s**3/3 + 2*s**2 + 4*s - 12. Let y be c(4). What is the greatest common factor of y and 44?
4
Suppose 75*g - 38*g - 4218 = 0. Calculate the highest common factor of 228 and g.
114
Suppose 4*n = -5*y - 166, -3*n - 2 = 10. Let j = y - -45. Let f = j + -1. Calculate the highest common divisor of 42 and f.
14
Let i = 330 - -22. Calculate the highest common factor of i and 33.
11
Let j(s) = -s**2 - 27*s + 7. Let h be j(-24). Let k = h - 31. What is the highest common factor of 36 and k?
12
Suppose 8*w - 1113 = -537. Calculate the greatest common factor of 168 and w.
24
Let z be 5 - ((-2036)/3 - 7/21). Calculate the highest common divisor of 57 and z.
57
Suppose 4*d + d = 50. Let m = -12 + 12. Suppose d*k + 24 = o + 5*k, -2*o - k + 48 = m. Calculate the greatest common factor of o and 36.
12
Suppose -36 = -4*h - 5*l, -2*h - 4*l + 0 + 24 = 0. Suppose 21*j - 10 = 16*j. Let t = h + j. What is the greatest common factor of t and 1?
1
Suppose -4 = 5*l - 3*c, -2*l - 2*c + 11 = c. Calculate the greatest common divisor of 23 and l.
1
Let p = -8 + 12. Suppose -3*y + p*l + 665 = 137, -2*l = 0. What is the greatest common divisor of y and 22?
22
Suppose 15 = -5*j, -2*j + 26 = 4*h - 4*j. Suppose 3 = -h*m + 23. Let t(c) = 13*c**2 + 2*c + 4. Let a be t(m). What is the greatest common divisor of a and 22?
22
Let j be (0 + 2)/(-2) + 2. Let y = 2 + j. Suppose -y*q + 29 = -2*i + 104, i - 39 = 2*q. What is the highest common divisor of 22 and i?
11
Suppose 0*i + 5*i - 2*t = 12, 2*t = 8. Suppose 2*g + 5*r = -g + 19, 0 = i*r - 20. Let c be g/(-3)*(-4 + 22). What is the greatest common factor of c and 2?
2
Let c = -190 - -2868. Calculate the highest common divisor of c and 13.
13
Let w be (6*3)/((-9)/(-6)). Suppose 4*r - 271 = -2*b + 163, -3*r + 327 = 3*b. Let n = 216 - r. What is the highest common divisor of w and n?
12
Suppose 0 = -4*p + 34 + 14. Let o(y) = y**3 - 17*y**2 + 36*y - 36. Let l be o(15). Calculate the highest common factor of l and p.
6
Let x = -19 - -40. Let z(f) = 3*f**2 - 40*f + 9. Let c be z(15). What is the greatest common divisor of x and c?
21
Let v(f) = 2*f + 18. Let q be (2/2)/(3/(-18)). Let t be v(q). Let u be t/(-21) + (-506)/(-7). What is the greatest common factor of 12 and u?
12
Let d(w) = 11*w**2 - 146*w - 51. Let p be d(16). What is the greatest common divisor of p and 165?
33
Suppose 15 = 5*h - 5*d, 4 = 3*h - 69*d + 65*d. Let y = 0 - -16. What is the highest common factor of y and h?
8
Let x(l) = -3 + 3*l + 3 + 6*l**3 - l + 2*l**2 + 1. Let o be x(-1). Let c = 